f 18708673?
1
What is the tens digit of 507254?
5
What is the tens digit of 208414?
1
What is the ten thousands digit of 1025251?
2
What is the hundreds digit of 62757?
7
What is the hundreds digit of 785773?
7
What is the units digit of 208964?
4
What is the hundred thousands digit of 467641?
4
What is the hundreds digit of 365336?
3
What is the ten thousands digit of 226173?
2
What is the units digit of 130381?
1
What is the thousands digit of 2322165?
2
What is the hundred thousands digit of 129472?
1
What is the units digit of 1582939?
9
What is the units digit of 381594?
4
What is the millions digit of 5170923?
5
What is the hundreds digit of 306787?
7
What is the millions digit of 3097488?
3
What is the hundreds digit of 3001607?
6
What is the hundreds digit of 435153?
1
What is the thousands digit of 817526?
7
What is the units digit of 15041113?
3
What is the ten thousands digit of 486300?
8
What is the hundred thousands digit of 1476826?
4
What is the hundred thousands digit of 2026731?
0
What is the units digit of 35043?
3
What is the hundred thousands digit of 212419?
2
What is the ten thousands digit of 5515102?
1
What is the hundred thousands digit of 4324609?
3
What is the tens digit of 3956435?
3
What is the hundred thousands digit of 13569787?
5
What is the tens digit of 17614?
1
What is the hundred thousands digit of 1313485?
3
What is the tens digit of 7068049?
4
What is the tens digit of 814456?
5
What is the units digit of 78131?
1
What is the hundreds digit of 2202253?
2
What is the hundreds digit of 1779914?
9
What is the ten thousands digit of 327527?
2
What is the hundred thousands digit of 11142805?
1
What is the units digit of 113015?
5
What is the hundreds digit of 68996?
9
What is the hundreds digit of 1361569?
5
What is the thousands digit of 149081?
9
What is the ten thousands digit of 3923878?
2
What is the hundred thousands digit of 2469780?
4
What is the hundred thousands digit of 1840852?
8
What is the thousands digit of 2160026?
0
What is the tens digit of 1249892?
9
What is the hundreds digit of 13791?
7
What is the hundred thousands digit of 1577239?
5
What is the units digit of 184990?
0
What is the units digit of 339096?
6
What is the hundreds digit of 10818094?
0
What is the tens digit of 13702509?
0
What is the thousands digit of 805858?
5
What is the units digit of 4008371?
1
What is the tens digit of 1071027?
2
What is the tens digit of 28320468?
6
What is the tens digit of 71721?
2
What is the units digit of 116862?
2
What is the units digit of 413930?
0
What is the millions digit of 3611732?
3
What is the ten thousands digit of 1006923?
0
What is the units digit of 6023509?
9
What is the hundreds digit of 509544?
5
What is the thousands digit of 14564?
4
What is the ten thousands digit of 5013526?
1
What is the hundred thousands digit of 566875?
5
What is the hundred thousands digit of 123194?
1
What is the ten thousands digit of 719082?
1
What is the tens digit of 10378016?
1
What is the tens digit of 16968650?
5
What is the tens digit of 9019481?
8
What is the units digit of 881737?
7
What is the units digit of 61810?
0
What is the hundreds digit of 107510?
5
What is the tens digit of 226870?
7
What is the tens digit of 399393?
9
What is the thousands digit of 36204494?
4
What is the millions digit of 1369051?
1
What is the hundred thousands digit of 26543106?
5
What is the thousands digit of 3593276?
3
What is the millions digit of 3523152?
3
What is the tens digit of 726565?
6
What is the thousands digit of 444767?
4
What is the millions digit of 21835899?
1
What is the tens digit of 16901040?
4
What is the thousands digit of 6407?
6
What is the ten thousands digit of 2952502?
5
What is the thousands digit of 7209902?
9
What is the tens digit of 6182522?
2
What is the hundred thousands digit of 6952039?
9
What is the tens digit of 776599?
9
What is the hundreds digit of 7090629?
6
What is the tens digit of 20295413?
1
What is the tens digit of 1463520?
2
What is the hundred thousands digit of 179131?
1
What is the millions digit of 1258386?
1
What is the hundreds digit of 2730575?
5
What is the units digit of 224309?
9
What is the hundred thousands digit of 726490?
7
What is the thousands digit of 267358?
7
What is the millions digit of 3727772?
3
What is the tens digit of 23667?
6
What is the thousands digit of 261269?
1
What is the units digit of 432919?
9
What is the thousands digit of 133086?
3
What is the thousands digit of 1052145?
2
What is the hundreds digit of 4639042?
0
What is the ten thousands digit of 86120?
8
What is the thousands digit of 82865?
2
What is the hundred thousands digit of 197328?
1
What is the hundreds digit of 895980?
9
What is the tens digit of 65667?
6
What is the thousands digit of 9010351?
0
What is the hundred thousands digit of 1284135?
2
What is the ten thousands digit of 1424063?
2
What is the tens digit of 26738475?
7
What is the hundreds digit of 230424?
4
What is the hundred thousands digit of 7858325?
8
What is the tens digit of 957606?
0
What is the units digit of 530039?
9
What is the thousands digit of 64605?
4
What is the tens digit of 353908?
0
What is the hundred thousands digit of 6839448?
8
What is the ten thousands digit of 3854029?
5
What is the units digit of 283331?
1
What is the thousands digit of 211720?
1
What is the hundreds digit of 1296499?
4
What is the millions digit of 15021911?
5
What is the ten thousands digit of 416769?
1
What is the tens digit of 1011335?
3
What is the tens digit of 2552753?
5
What is the units digit of 9467894?
4
What is the hundred thousands digit of 9729378?
7
What is the hundred thousands digit of 498110?
4
What is the thousands digit of 6257637?
7
What is the ten thousands digit of 1027843?
2
What is the ten thousands digit of 1535042?
3
What is the tens digit of 479426?
2
What is the units digit of 2292424?
4
What is the thousands digit of 1198535?
8
What is the units digit of 5911850?
0
What is the units digit of 65004?
4
What is the ten thousands digit of 1869443?
6
What is the hundred thousands digit of 9525043?
5
What is the ten millions digit of 12662231?
1
What is the thousands digit of 12619751?
9
What is the thousands digit of 8541952?
1
What is the tens digit of 807314?
1
What is the units digit of 249531?
1
What is the hundred thousands digit of 250314?
2
What is the tens digit of 6841535?
3
What is the thousands digit of 24751389?
1
What is the thousands digit of 169909?
9
What is the thousands digit of 6365116?
5
What is the thousands digit of 231231?
1
What is the hundred thousands digit of 28914281?
9
What is the hundreds digit of 7096427?
4
What is the units digit of 7575208?
8
What is the hundreds digit of 1673854?
8
What is the millions digit of 13873010?
3
What is the tens digit of 22370717?
1
What is the units digit of 507947?
7
What is the ten thousands digit of 29464881?
6
What is the tens digit of 241851?
5
What is the hundreds digit of 14140947?
9
What is the tens digit of 3811798?
9
What is the hundred thousands digit of 584725?
5
What is the hundreds digit of 151031?
0
What is the hundreds digit of 1689133?
1
What is the units digit of 4572163?
3
What is the units digit of 793874?
4
What is the units digit of 4859474?
4
What is the units digit of 2600715?
5
What is the hundred thousands digit of 3572427?
5
What is the units digit of 1514199?
9
What is the ten thousands digit of 894107?
9
What is the tens digit of 153199?
9
What is the hundred thousands digit of 210595?
2
What is the thousands digit of 8038759?
8
What is the hundreds digit of 3576142?
1
What is the hundred thousands digit of 217704?
2
What is the hundreds digit of 7512864?
8
What is the units digit of 4212688?
8
What is the ten thousands digit of 182361?
8
What is the tens digit of 831982?
8
What is the hundred thousands digit of 124679?
1
What is the millions digit of 4664307?
4
What is the hundred thousands digit of 657076?
6
What is the units digit of 6867984?
4
What is the hundred thousands digit of 380948?
3
What is the hundreds digit of 1113348?
3
What is the hundreds digit of 859029?
0
What is the hundreds digit of 14676486?
4
What is the hundreds digit of 186816?
8
What is the units digit of 584562?
2
Wh